-47*r + 17*r + 19*r + 2 + 13*r. Give u(-5).
-8
Let r be (-6)/(1 + 6/(-3)). Let m(x) = 0 + 7*x - x**2 + 3 - 10 + 2. Calculate m(r).
1
Let b(g) = -g**2 - 9*g - 1. Let h(r) = 6*r**2 + 46*r + 6. Let q(x) = -11*b(x) - 2*h(x). Calculate q(6).
5
Suppose -2*m = 4*v + 1 - 7, -v - m = -2. Let j(d) = d**2 - v - d**2 + d**2. Suppose 2*x = -x + 2*y - 3, 4*x = 3*y - 4. Give j(x).
0
Let o be -2 - (-1 + (-8)/(-1)). Let c be ((-6)/o)/(1/3). Let x(g) = -g**3 + 3 - g**c + 2*g**3 + 3*g + 5*g**2. Give x(-3).
3
Let y(h) = -1 - 3*h + 0 + 2. What is y(3)?
-8
Let s(j) = j**3 - 3*j**2 - 2*j. Suppose q - w - 2*w + 5 = 0, 0 = q + 3*w - 13. Let c be (6/q)/(6/8). Let u be 14/3 - c/3. Calculate s(u).
8
Let c = -52 - -51. Let i(u) = 22*u**3 + 2*u**2 + 2*u + 1. What is i(c)?
-21
Let c(d) = 2 - 1 + 0*d + 2*d - 4. Suppose -4*h + 20 = -0. Suppose -30 = -h*r - l, -r - 20 = -3*l - 2*l. Calculate c(r).
7
Let l(h) = h**2 - 3*h + 9. Let o(s) = 6*s**2 - 15*s + 46. Suppose -5*q - 27 = -3*n + 11, -2*q - 2 = 0. Let v(t) = n*l(t) - 2*o(t). Calculate v(-5).
-3
Suppose -2*a + 3 = 5. Let v(y) = y - 3. Let z(q) = 1. Let l(c) = a*v(c) - 6*z(c). Let s = -18 - -13. Give l(s).
2
Let a(g) = -162*g - 155*g + 318*g + 9. Give a(-7).
2
Let p(c) = c**3 - 6*c**2 + c - 3. Let r be p(6). Let b(y) = -2 + 3*y - r + 1 - 1. Determine b(5).
10
Let r(u) be the first derivative of u**4/4 - 2*u**3 + u**2 + 3*u - 1. Determine r(5).
-12
Let z(q) = -q**2 - 4*q + 8. Let h be z(-6). Let n be h*(-1 - 3/(-2)). Let t(u) = u**3 + u + 2. Give t(n).
-8
Let s(c) be the third derivative of c**6/120 + c**5/12 + c**4/6 + c**3/3 - 5*c**2. Let z be (6/(-4))/(6/8). What is s(z)?
6
Suppose -2*u + 25 = 1. Suppose 0 = -5*q - u - 8. Let f(y) = y**3 + 4*y**2 - 2*y. Let d(a) = a + 1. Let v(m) = 2*d(m) + f(m). What is v(q)?
2
Let l be (-5 - (-7 - -3))/(1/(-4)). Let g(d) = -d**2 + 3*d + 4. Determine g(l).
0
Let z(m) = -m**2 - m + 1. Let r be z(-2). Let t be 0 - r*(-3)/1. Let h be 2/(t/(1*-3)). Let a(v) = -v - 1. Determine a(h).
-3
Let w(d) = -d**3 - d**2 - 6*d - 1. Let h(i) = -i**2 + i. Let z(q) = -4*h(q) - w(q). Give z(-3).
13
Let l(u) = -3 - 5 - u**2 + 0*u**2 + 1 + 9*u. Calculate l(6).
11
Let s(o) = -3*o**2 + 5*o - 1. Let d(r) = -r**2 + 2*r - 1. Let i(c) = -5*d(c) + 2*s(c). Give i(-5).
-22
Let n(h) = -3*h. Let l(o) be the second derivative of o**5/20 + 5*o**4/12 - o**3/6 - 2*o**2 - o. Let g be l(-5). What is n(g)?
-3
Let u(c) = 1. Let h(l) = 2*l + 2. Let p(j) = h(j) + 4*u(j). What is p(-5)?
-4
Let z(b) be the second derivative of b**3/3 - b**2/2 - b. Let h = 7 - 2. Suppose h*m - 2*m = 15. What is z(m)?
9
Let z(b) = 2*b**3 + 2*b**2 - 2*b. Let l(v) = -v + 4. Let p be l(6). Let y = 4 + p. Suppose y = -2*r - 2. Give z(r).
-4
Suppose -2*v = -0*t + 2*t - 6, 4*t + v = 18. Let s(c) be the second derivative of c**4/12 - 2*c**3/3 - 2*c**2 - 7*c. Determine s(t).
1
Let q(s) = 6*s - 5. Let u(f) = 31*f - 26. Let l(z) = 11*q(z) - 2*u(z). Let x(t) = -t - 7. Let i be x(-9). What is l(i)?
5
Suppose 7*l = -2*z + 3*l + 4, 6 = 3*z - 2*l. Let w(h) = -3*h + 0*h**2 + 4 - 3 + h**z + 0*h**2. Let p be (-1)/3 + (-30)/(-9). Calculate w(p).
1
Let n = -3 + 9. Let z(x) = 0*x + x**2 + 0*x - 10 + 5*x - n*x. Calculate z(0).
-10
Let o(q) = -3*q**2 + 15*q. Let m(p) = p**2 - 5*p. Let t(c) = -7*m(c) - 2*o(c). Calculate t(6).
-6
Suppose 3*q + 24 = 5*l, -l - 18 = q - 6*l. Let o(y) = y**2. Determine o(q).
9
Let s(c) be the second derivative of -c**5/20 - c**4/6 + c**3/2 + 3*c**2/2 + 14*c. Determine s(-3).
3
Let g(j) = 4 + j + 6*j - 2*j - 9*j. Let q = -5 + 8. Give g(q).
-8
Let l be (-1 - (-1 + 0))/(-2). Let t(o) = -2*o**2 + 6*o - 6 - o**3 + 2*o**2 - 5*o**2 + l. What is t(-6)?
-6
Let q(m) = 24*m**2 + 2*m - 1. Let f be (-1)/(((-4)/(-16))/((-3)/12)). Determine q(f).
25
Let i(b) = -2 + 0 - 2*b - 5 - 4. Let k be i(-8). Suppose 3*u - 4 = -2*y, k*y + 2 - 12 = 4*u. Let m(t) = t. Calculate m(y).
2
Let w(p) be the first derivative of p**7/840 + p**6/72 - p**5/30 + 7*p**4/24 + 4*p**3/3 - 4. Let g(y) be the third derivative of w(y). Determine g(-6).
-5
Let q(y) = -2*y**2 + 15*y + 1. Let j(h) = -3*h**2 + 22*h + 2. Let g(c) = -5*j(c) + 7*q(c). What is g(6)?
3
Let s(o) = -o - 3. Suppose -4 + 39 = -5*b + 4*i, -5*i + 25 = 0. What is s(b)?
0
Let m(c) be the second derivative of -c**5/20 + c**4/12 - c**3/6 + 4*c**2 + 2*c. Let i = -22 + 22. Determine m(i).
8
Let u(x) = x**3 - x. Suppose 3*v - 14 = -5. Let j = v - 5. Determine u(j).
-6
Let h(x) be the third derivative of x**4/24 - x**3 + 28*x**2. Calculate h(3).
-3
Suppose 5*u + 0*c + 5*c = 0, -20 = 3*u - 2*c. Let r(t) = -4*t**2 - 3*t + 7. Let h(k) = 11*k**2 + 9*k - 20. Let o(n) = -3*h(n) - 8*r(n). Calculate o(u).
0
Let m(d) = 4*d**2. Let c(r) be the second derivative of r**5/20 + 7*r**4/12 + 5*r**3/6 - 5*r**2/2 - r. Let s be c(-6). What is m(s)?
4
Let k(o) = o**3 - 4*o**2 + 1. Suppose 7*n + l = 4*n + 15, 2*n + 4*l - 20 = 0. Suppose 0 = 5*y + 4*u, n*y + 1 = -4*u - 3. Determine k(y).
1
Let z(p) = 2*p**3 + 4*p**2 - p + 0*p**2 - 2 - 6*p**3. Let r(n) = 7*n**3 - 7*n**2 + n + 3. Let w(o) = -3*r(o) - 5*z(o). Determine w(-1).
1
Let t be ((-84)/30 + 3)*35. Let x(u) = -u**2 + 6*u - 9. What is x(t)?
-16
Let y be 3 + -1 + -4 + 0. Let k(z) be the first derivative of -z**4/4 - z**3/3 - 3*z**2/2 - 3*z - 1. What is k(y)?
7
Let d(b) be the first derivative of b**3/3 - 4*b**2 + 4*b - 2. Give d(7).
-3
Let g(a) = 6*a + 3. Let v(y) = y**2 + y - 1. Let b(w) = w**2 + 6*w - 5. Let s(p) = b(p) - 2*v(p). Let f be s(5). Let j = f - -6. Give g(j).
-9
Let r(n) = 0 + 0*n + 2 - n. Let t be 2 - (-11)/22*(4 - 0). Determine r(t).
-2
Let u(b) = 2*b - 7 + 1 + 5*b - b**2. Suppose 80 = 13*k + 3*k. Give u(k).
4
Suppose -15*v + 11*v + 8 = 0. Let g(n) = -n. Give g(v).
-2
Let o = 5 - 3. Let h(w) = -3*w. Let b(y) = 1. Let d = 7 - 6. Let x(n) = d*h(n) + 2*b(n). Calculate x(o).
-4
Let p = -31 + 18. Let c = 9 - 1. Let r = p + c. Let i(s) = 2*s + 4. Calculate i(r).
-6
Let l be (-2)/3*6/(-4). Let w(u) be the third derivative of u**6/240 - u**5/120 - u**4/24 + u**2. Let f(g) be the second derivative of w(g). Give f(l).
2
Suppose -m - 3*l + 35 = 3*m, l = -3*m + 20. Let c(k) = -k**2 + 4*k + 6. Let g be c(5). Let z be 25/m*g*-1. Let h(b) = -b**3 - 4*b**2 + 6*b + 6. What is h(z)?
1
Let v(z) be the second derivative of z**2 - 1/6*z**3 + 0 + 7*z. What is v(2)?
0
Let y(m) = 1. Let v(o) = 7. Let u(k) = v(k) - 6*y(k). Let c(f) = -f - 6. Let h(p) = c(p) + 5*u(p). What is h(3)?
-4
Let o = 0 + 4. Suppose 4*x = -o + 12. Let b(a) = a - 4. Calculate b(x).
-2
Let t(o) = -o + 2. Let p = 163 + -166. Determine t(p).
5
Suppose 3*a + 3*a - 12 = 0. Let m(u) = 4 + 5 + 0*u + a*u - 5. Give m(-5).
-6
Let a(u) = 2*u**2 - 5*u - 4. Let s be a(4). Let i = s + -3. Let w(z) = -z**2 + 4*z. Give w(i).
-5
Let d(p) = p**3 + 3*p**2 + 3. Let w be d(-3). Let i(t) = t**3 + 5*t**2 - 8*t - 3. Let c be i(-6). Let q(h) = -c + 3 + h - h - w*h. What is q(-4)?
6
Suppose -q = q + 8. Let p(r) = -2*r - 8. Let z be p(-6). Let y(u) = 4*u**2 - 2 + 4*u + z - 3*u**2. Give y(q).
2
Let b(x) = -x**3 + 1 + 1 + 18*x**2 + 4*x - 14*x**2. Give b(5).
-3
Suppose -4*s - 4 = -0*m + 2*m, 5*s + 8 = -2*m. Let u(y) = -y + 9. Give u(m).
3
Let p(n) = 2*n + 15. Let s = -184 + 174. Calculate p(s).
-5
Let v(k) = k**3 + 3*k**2 - 1. Suppose i + 5*y = 27, i - y + 0 = -3. Let a = 0 - i. What is v(a)?
3
Let d be -3 + ((-16)/4)/2. Let p(w) = -4*w**3 + 15*w**2 - 13*w - 15. Let m(k) = 3*k**3 - 10*k**2 + 9*k + 10. Let b(a) = 7*m(a) + 5*p(a). Give b(d).
5
Let c(g) = -g**2 - 6*g - 2. Suppose h = 3, 0 = 2*r + h + 10 - 5. Determine c(r).
6
Let t(a) = 0 + a + 9 + 0*a. Let x(i) = i + 4. Let z be x(-4). Determine t(z).
9
Let s(q) be the second derivative of -q**5/20 - q**4/4 - q**3/6 + q**2/2 - 17*q. What is s(-3)?
4
Suppose w + 1 - 7 = 0. Let p be 3/((-3)/1) + w. Let t(i) = p*i - 3*i + 0*i. Determine t(-2).
-4
Let z = 13 - 28. Let b be (-5)/z + 16/6. Let o(v) = v**2 - 5*v + 3. Give o(b).
-3
Let i(s) = 20*s**3 - 5*s**2 - 26. Suppose 2*m + 28 = 4*l, 5 + 21 = 5*l + 2*m. Let k(h) = 7*h**3 - 2*h**2 - 9. Let b(o) = l*i(o) - 17*k(o). Determine b(-3).
6
Let t(v) = -5*v - 2*v + 2*v + 0*v + 1. Give t(-1).
6
Let t(g) = g. Suppose -1 = -2*y + 5. Let h be t(y). Let x(f) = 4*f - 4. Give x(h).
8
Let j be 1/3 - (-16)/24. Let c(g) = -2*g**2 - j + 5*g**2 - 6*g - 2*g**2 + g**3 + 3*g**2. Determine c(-